0
Calculate the remainder when 256 is divided by 109.
38
What is the remainder when 40 is divided by 19?
2
Calculate the remainder when 480 is divided by 48.
0
What is the remainder when 2870 is divided by 97?
57
What is the remainder when 2027 is divided by 70?
67
What is the remainder when 191 is divided by 107?
84
What is the remainder when 269 is divided by 217?
52
Calculate the remainder when 59 is divided by 48.
11
What is the remainder when 1211 is divided by 70?
21
What is the remainder when 50 is divided by 14?
8
Calculate the remainder when 79 is divided by 33.
13
Calculate the remainder when 1119 is divided by 33.
30
What is the remainder when 439 is divided by 55?
54
Calculate the remainder when 200 is divided by 12.
8
Calculate the remainder when 416 is divided by 103.
4
Calculate the remainder when 23505 is divided by 9.
6
Calculate the remainder when 1053 is divided by 88.
85
What is the remainder when 269 is divided by 15?
14
Calculate the remainder when 10878 is divided by 136.
134
What is the remainder when 507 is divided by 4?
3
Calculate the remainder when 879 is divided by 8.
7
Calculate the remainder when 11303 is divided by 35.
33
What is the remainder when 557 is divided by 80?
77
Calculate the remainder when 750 is divided by 27.
21
Calculate the remainder when 109 is divided by 14.
11
What is the remainder when 713 is divided by 420?
293
What is the remainder when 132 is divided by 29?
16
What is the remainder when 99 is divided by 10?
9
What is the remainder when 3573 is divided by 132?
9
What is the remainder when 1514 is divided by 182?
58
What is the remainder when 60 is divided by 26?
8
What is the remainder when 146 is divided by 55?
36
What is the remainder when 198 is divided by 34?
28
What is the remainder when 786 is divided by 388?
10
What is the remainder when 464 is divided by 116?
0
What is the remainder when 207 is divided by 64?
15
Calculate the remainder when 149 is divided by 18.
5
Calculate the remainder when 365 is divided by 23.
20
What is the remainder when 904 is divided by 96?
40
Calculate the remainder when 1403 is divided by 74.
71
Calculate the remainder when 1516 is divided by 96.
76
Calculate the remainder when 553 is divided by 15.
13
Calculate the remainder when 357 is divided by 45.
42
Calculate the remainder when 742 is divided by 61.
10
Calculate the remainder when 642 is divided by 34.
30
Calculate the remainder when 333 is divided by 101.
30
Calculate the remainder when 60 is divided by 36.
24
Calculate the remainder when 81 is divided by 42.
39
Calculate the remainder when 626 is divided by 210.
206
Calculate the remainder when 671 is divided by 221.
8
What is the remainder when 702 is divided by 226?
24
Calculate the remainder when 1898 is divided by 19.
17
What is the remainder when 213 is divided by 75?
63
Calculate the remainder when 456 is divided by 58.
50
What is the remainder when 5933 is divided by 112?
109
Calculate the remainder when 241 is divided by 46.
11
Calculate the remainder when 324 is divided by 162.
0
Calculate the remainder when 657 is divided by 27.
9
What is the remainder when 499 is divided by 46?
39
Calculate the remainder when 948 is divided by 49.
17
Calculate the remainder when 464 is divided by 25.
14
What is the remainder when 20 is divided by 13?
7
What is the remainder when 72 is divided by 5?
2
Calculate the remainder when 295 is divided by 82.
49
What is the remainder when 341 is divided by 161?
19
What is the remainder when 1282 is divided by 423?
13
Calculate the remainder when 238 is divided by 35.
28
Calculate the remainder when 334 is divided by 287.
47
Calculate the remainder when 514 is divided by 8.
2
What is the remainder when 1579 is divided by 523?
10
What is the remainder when 109 is divided by 24?
13
Calculate the remainder when 431 is divided by 14.
11
What is the remainder when 114 is divided by 20?
14
What is the remainder when 2131 is divided by 86?
67
What is the remainder when 623 is divided by 154?
7
Calculate the remainder when 2932 is divided by 71.
21
What is the remainder when 1358 is divided by 38?
28
Calculate the remainder when 688 is divided by 222.
22
Calculate the remainder when 978 is divided by 9.
6
What is the remainder when 255 is divided by 137?
118
Calculate the remainder when 3331 is divided by 415.
11
What is the remainder when 1675 is divided by 41?
35
What is the remainder when 37 is divided by 11?
4
Calculate the remainder when 50706 is divided by 28.
26
Calculate the remainder when 51 is divided by 25.
1
What is the remainder when 284 is divided by 62?
36
What is the remainder when 728 is divided by 39?
26
Calculate the remainder when 271 is divided by 109.
53
Calculate the remainder when 978 is divided by 278.
144
What is the remainder when 1594 is divided by 133?
131
What is the remainder when 271 is divided by 39?
37
What is the remainder when 283 is divided by 71?
70
What is the remainder when 2950 is divided by 980?
10
What is the remainder when 85 is divided by 29?
27
What is the remainder when 1066 is divided by 353?
7
What is the remainder when 7 is divided by 4?
3
What is the remainder when 467 is divided by 70?
47
What is the remainder when 719 is divided by 16?
15
Calculate the remainder when 470 is divided by 248.
222
Calculate the remainder when 50 is divided by 25.
0
Calculate the remainder when 215 is divided by 78.
59
What is the remainder when 1506 is divided by 116?
114
What is the remainder when 135 is divided by 135?
0
What is the remainder when 2003 is divided by 48?
35
Calculate the remainder when 57958 is divided by 140.
138
What is the remainder when 84 is divided by 15?
9
Calculate the remainder when 792 is divided by 67.
55
What is the remainder when 87 is divided by 41?
5
Calculate the remainder when 488 is divided by 41.
37
Calculate the remainder when 427 is divided by 39.
37
Calculate the remainder when 771 is divided by 18.
15
Calculate the remainder when 967 is divided by 19.
17
What is the remainder when 1435 is divided by 47?
25
What is the remainder when 462 is divided by 38?
6
Calculate the remainder when 3322 is divided by 49.
39
Calculate the remainder when 427 is divided by 49.
35
What is the remainder when 674 is divided by 25?
24
Calculate the remainder when 2042 is divided by 101.
22
What is the remainder when 1198 is divided by 50?
48
What is the remainder when 838 is divided by 20?
18
Calculate the remainder when 33 is divided by 9.
6
Calculate the remainder when 96 is divided by 38.
20
What is the remainder when 199 is divided by 20?
19
What is the remainder when 456 is divided by 43?
26
What is the remainder when 222 is divided by 70?
12
What is the remainder when 2822 is divided by 212?
66
What is the remainder when 73 is divided by 30?
13
Calculate the remainder when 808 is divided by 11.
5
What is the remainder when 1422 is divided by 75?
72
Calculate the remainder when 1958 is divided by 40.
38
What is the remainder when 21053 is divided by 5?
3
What is the remainder when 2787 is divided by 1391?
5
What is the remainder when 61 is divided by 22?
17
What is the remainder when 297 is divided by 16?
9
What is the remainder when 16541 is divided by 32?
29
Calculate the remainder when 12 is divided by 3.
0
Calculate the remainder when 931 is divided by 230.
11
What is the remainder when 100 is divided by 26?
22
Calculate the remainder when 2489 is divided by 73.
7
Calculate the remainder when 399 is divided by 20.
19
Calculate the remainder when 1688 is divided by 18.
14
What is the remainder when 61 is divided by 31?
30
Calculate the remainder when 6315 is divided by 26.
23
What is the remainder when 535 is divided by 118?
63
Calculate the remainder when 81 is divided by 12.
9
What is the remainder when 394 is divided by 44?
42
What is the remainder when 341 is divided by 333?
8
What is the remainder when 46 is divided by 17?
12
What is the remainder when 9983 is divided by 3323?
14
Calculate the remainder when 116 is divided by 24.
20
What is the remainder when 1545 is divided by 12?
9
What is the remainder when 92 is divided by 17?
7
Calculate the remainder when 2027 is divided by 14.
11
What is the remainder when 55965 is divided by 22?
19
Calculate the